e 0 = c*y - 16*y + 12. Let x(l) = l**2 - 6*l - 5. Calculate x(y).
-5
Let t = 34 + -53. Let o = 21 + t. Let g(u) = -23*u**2 - 1 + 3 + 25*u**o. Determine g(-2).
10
Let d(g) = -g**2 - 3*g - 3. Let r be ((-72)/(-84)*-7)/2. Determine d(r).
-3
Let b(d) = -190*d**2 + 0 - 6*d - 1 + 194*d**2 + d**3. What is b(-5)?
4
Suppose 0 = -7*a + 147 + 763. Let v(u) = 6 - 254*u + a*u + 123*u + 1. Determine v(7).
0
Let m(d) = -8*d**2 - 17*d - 11. Let f(c) = -c**2 - c - 2. Let q(p) = -6*f(p) + m(p). What is q(-6)?
-5
Let t(d) = 5*d - 6. Let j = 565 + -562. Give t(j).
9
Let o(x) = 13*x**2 + 9*x + 4. Let b(g) = -37*g**2 - 25*g - 11. Let u(k) = -4*b(k) - 11*o(k). What is u(-1)?
4
Let k(y) = -46 + 45 + 6 - y. Calculate k(5).
0
Let b(k) = k**2 + 23*k - 107. Let q be b(-27). Let h(g) = 23*g**2 - 1. Calculate h(q).
22
Let l(a) be the first derivative of 7*a**4/4 - a**3/3 + a - 189. Give l(1).
7
Let h(s) = -4*s**3 + 2*s**2 - 3*s + 7. Let k(d) = 2*d**3 - d**2 + 2*d - 4. Let a(v) = 4*h(v) + 7*k(v). Determine a(3).
-39
Let a(f) be the first derivative of f**4/4 + 5*f**3/3 + 2*f**2 + 3*f - 1. Let h = 40 + -38. Suppose -h*u = 2*u + 12. What is a(u)?
9
Suppose -2*g + g = 10. Let p = 10 + g. Let s(t) = -4*t**2 + 0*t**2 + 1 + p - t + 3*t. Determine s(-1).
-5
Let t(w) = w**2 - 13*w + 37. Let g be t(8). Let z(j) = j**3 + 2*j**2 - 9*j - 2. What is z(g)?
16
Let y(c) = 2*c**2 + 9*c - 3. Let v(h) = h**2 + 8*h - 3. Let p(u) = -5*v(u) + 4*y(u). Let k be 6/21 + (-12)/(-7). Determine p(k).
7
Let g be 2/(-1 - (1 + -3)). Let p(u) = -g*u**2 - u + 2 + 1 - 2 + u**2 - u**3. Give p(0).
1
Let d(a) = 14*a**3 + 2*a**2 + 3. Let y(m) = 60*m**3 + 9*m**2 + 13. Let x(v) = -9*d(v) + 2*y(v). Calculate x(-2).
47
Let m(w) = -3 + 8*w + 11 + 3*w - w. Let x(s) = -s - 1. Let h(a) = -m(a) - 5*x(a). Suppose 0 = -n - 2*n + 15, n - 8 = c. Give h(c).
12
Let y(h) = -h - 18. Let z be y(7). Let q = -24 - z. Let x(o) = 2*o**2 + 0*o**2 + 5*o**3 - 1 + 3*o**3. What is x(q)?
9
Suppose 99 = 5*t - t - 3*s, -t + 2*s = -31. Let g(l) = 2*l - 44 - l**2 - 8*l + t + 20. Calculate g(-6).
-3
Let z(i) be the first derivative of -2/3*i**3 + 3/4*i**4 - 22 + 0*i**2 - i. Calculate z(2).
15
Let k = -14 + 10. Let z = k + 3. Let g(a) = 167 - a**2 - 136 - 31. Give g(z).
-1
Let n(y) = -y**2 - 2*y + 1. Let b(p) = -p**2 - 10*p - 6. Let z(g) = -g**3 + 15*g**2 - 15*g + 5. Let v be z(14). Let o be b(v). Suppose -o - 1 = -4*m. Give n(m).
-2
Let a(r) = -r**3 + r**2 - r + 1. Let p(h) = -5*h**3 + 7*h**2 - h + 4. Let b(l) = 4*a(l) - p(l). Let q be 3*2/2*(-1 + 1/3). Give b(q).
-14
Let v(c) be the first derivative of -c**3/3 + 3*c**2/2 - c + 127. Suppose -4*p = -4*j - 20, -p - j = 2*j - 1. Calculate v(p).
-5
Let p be (2/6)/(3/18). Let q be -1*(4 - 2) + p. Let o(x) = -5*x + 1. Let i(h) = 4*h - 2. Let g(l) = 4*i(l) + 3*o(l). Determine g(q).
-5
Let n be (-327)/(-12) - (-6)/(-24). Suppose n*b - 26*b + 3 = 0. Let w(c) = 4*c + 2. Determine w(b).
-10
Suppose -18 = 5*k + 2. Let q(c) be the first derivative of c**3/3 + 5*c**2/2 + 2*c + 60. What is q(k)?
-2
Let u = -6 - -11. Let o(k) = k**3 - 4*k**2 - 8*k + 7. Calculate o(u).
-8
Let f(b) be the second derivative of 0 + 1/3*b**3 + 2/3*b**4 + 21*b + 5/2*b**2 + 1/20*b**5. Calculate f(-8).
-11
Let c(z) be the first derivative of -11*z**2/2 + z + 9. Suppose -3*u = -3*v + 18, -u = -5*v + 1 + 13. Suppose v*g + 1 = 3. Calculate c(g).
-10
Let y(l) = 2*l. Suppose 3*v - 5*v - 32 = 0. Let p = -13 - v. Suppose 5 = 2*i - p. Determine y(i).
8
Let d(l) = -l**2 - 8*l + 2. Let a be d(-8). Let k(x) = -3*x - a + 2*x + x + 2*x. Let v(c) = c**2 - c - 32. Let p be v(6). What is k(p)?
-6
Let c be (15/(-10))/((-6)/16). Let j(t) = -t**3 + 6*t**2 - 6*t - 2. Let l(p) = -p**3 + 6*p**2 - 6*p - 1. Let z(y) = c*j(y) - 5*l(y). Give z(5).
2
Let n(f) = -2*f + f**2 + f + 4 + 8*f. Suppose -3*p - 14 = -56. Suppose 7*b - p = -56. What is n(b)?
-2
Let k be (-8)/(-28) + (2 - 16/7). Let a(g) = 4*g**3 - 12 + g + g**3 + g**2 - 4*g**3. What is a(k)?
-12
Let t(i) be the first derivative of i**4/4 - 5*i**3/3 - 2*i**2 - 4*i - 70. Determine t(6).
8
Let n(s) = -s**3 - 4*s**2 - s - 4. Suppose -k - 98 = -8*k. Suppose 20*i - k*i + 24 = 0. What is n(i)?
0
Let h(l) = l**2 + 7*l - 10. Suppose 12 = -3*i, f - i - 2 + 5 = 0. Determine h(f).
-10
Let f = 41 + -37. Suppose -x - 2*x + f*i - 16 = 0, -x - 5*i = -20. Let m(h) = h - 2. What is m(x)?
-2
Let h(r) = r**2 - 2*r + 1. Let v be h(3). Let z be ((-3)/24)/((-1)/8). Let a(l) = -z + 3 - v*l - 5 + 2 - 2*l**2. Give a(-3).
-7
Let o = -178 - -178. Let x(k) = k - 8. Determine x(o).
-8
Let r(f) = -f + 12. Let a be r(7). Let h be 0 - (a - 2 - 10). Let s(i) = i**3 - 8*i**2 + 7*i + 3. Let w be s(h). Let g(q) = -3*q - 1. What is g(w)?
-10
Let z(m) = -m**3 - 4*m**2 + 11*m - 9. Suppose v = 9*s - 4*s + 32, -2*s + 4*v = 20. Give z(s).
-3
Let h(n) = n**2 - 2*n + 4. Let q be h(0). Suppose -q*c - 35 = c. Let d(r) = -r**2 - 5*r + 4. What is d(c)?
-10
Let p be (-10)/(-2) + (-26)/((-208)/(-24)). Let n(a) = 0*a + 2 - 4*a + a + 2*a**2. What is n(p)?
4
Let n(u) = -u**3 - 5*u**2 + 14*u - 5. Let o be n(2). Let h(q) = -q**3 - 6*q**2 - 4*q + 7. What is h(o)?
2
Let i(l) be the third derivative of l**4/24 - l**3/6 - 2*l**2. Suppose 26*k = 22*k - 64. Let t(q) = -3*q - 43. Let r be t(k). Calculate i(r).
4
Let g(z) = -z**3 + 7*z**2 - 5*z + 3. Let a(q) = -24*q + 6. Let k be a(0). Calculate g(k).
9
Let s(y) = -3*y + 5. Let c(f) = 4*f - 6. Let a = -1 + -2. Let t(k) = a*s(k) - 2*c(k). Calculate t(3).
0
Let n = -16 - -18. Let f(k) = 10*k + n*k + 3*k + 3 - 12*k. Give f(-2).
-3
Let g be (-6 + 3)/((-3)/2). Suppose 70 = -8*l - g*l. Let d(q) = q**2 + 8*q - 1. Calculate d(l).
-8
Suppose -13*m + 27 = 66. Let b(w) = 2 + 3*w**2 - 3*w - 5 + w**3 - 2 + 2. Give b(m).
6
Let s(u) = -u**3 - 6*u**2 + 1. Let l(t) = -4*t - 18. Let j(i) = -7*i - 37. Let a(g) = 3*j(g) - 5*l(g). Let q be a(-15). Determine s(q).
1
Let n(x) = 2*x**2 + 18*x + 8. Suppose -26*y - 196 - 12 = 0. What is n(y)?
-8
Let b(p) = -p**2 - 2*p + 3. Suppose -x = v + 5, 16 = -2*x - x - 4*v. What is b(x)?
-5
Let n(d) = -11*d**3 - 23*d**2 + 11*d + 12. Let z(p) = 5*p**3 + 11*p**2 - 5*p - 6. Suppose -2*g - 10 + 2 = -s, g = -2. Let b(u) = s*n(u) + 9*z(u). What is b(-7)?
1
Let y(m) = -11*m - 10. Let w be y(-5). Suppose -4*d - 60 = -c + w, 3*c = 3. Let u = d - -29. Let l(b) = -b**3 + 3*b**2 - 2*b + 4. Calculate l(u).
-2
Let m = 20 - 8. Let d be 0*((-3)/m)/(-1). Let p(j) = -j**2 + j - 14. Calculate p(d).
-14
Let a(p) = -83 - 74 + 0*p**2 - 4*p - p**2 - 83 + 237. Let w(v) be the first derivative of v**2/2 - 10*v + 2. Let s be w(6). Give a(s).
-3
Let n = 0 + 2. Suppose -10*k = -6*k. Let u(w) = -2*w**2 + w**3 + 853*w - 3 - 849*w + k*w**2. Determine u(n).
5
Let g(c) = 5 + 3*c**2 + 5*c - 2*c**2 + 0*c**2. Let q be (-15)/5*(-5)/3. Suppose -4*z - 2*p = 10, 15 = -5*z - 3*p + q. What is g(z)?
5
Let p(q) = -q**3 - 2*q + 9. Let l(n) be the first derivative of -n**4/4 + n**3/3 - n**2 + 10*n + 2. Let w(m) = -5*l(m) + 6*p(m). Give w(-3).
-8
Let v(a) = 9*a**2 - 2*a - 1. Let c(n) = -8*n**2 + 2*n + 1. Let s(j) = -3*c(j) - 2*v(j). Suppose -2*r - r + 6 = 0. Calculate s(r).
19
Let n = -8 + 8. Suppose 2*w + w - 6 = n. Let h(s) = 0*s**2 - 2*s**2 - 2 + s**2 + 1 - w*s. Determine h(-3).
-4
Let q be (0 - 0)*6*2/12. Suppose -28 = -4*n - 2*y, q*y - 16 = -2*n - 2*y. Let p(g) = -g**3 + 5*g**2 + 6*g + 1. Give p(n).
1
Let h(a) = a - 1. Let t be h(-7). Let c(g) = 5 - 8*g + 6*g**2 + 0*g**2 - 7*g**2. What is c(t)?
5
Suppose -3*d + 2*s - 1 = -14, 0 = 4*d - 4*s - 16. Let j(h) = -h**2 + 8*h - 14. Give j(d).
1
Let j(y) = 64*y + 12. Let t(o) = 23*o + 4. Let f(l) = 5*j(l) - 14*t(l). Determine f(9).
-14
Let t be ((-14)/(-6) - 2)*15. Suppose 8 + 7 = -3*y, -4*f = y + 1. Let v(p) = -f - p + 0 - 3. Give v(t).
-9
Let w(b) = 8*b**2 - b + 2. Let n = -56 - -54. Determine w(n).
36
Let n(l) be the third derivative of -l**6/120 - l**5/60 + l**4/24 + l**3/6 - 2*l**2. Suppose 75*g + 2*i - 4 = 73*g, 5*i = 15. Give n(g).
0
Let z(g) = -g + 7 + 9*g**2 + 0*g**2 + 6*g**2 - 13*g**2 - g**3. Determine z(3).
-5
Let w(f) = -f**2 - 3*f - 1. Let z(h) = -3*h**2 - 8*h - 4. Let m(t) = -8*w(t) + 3*z(t). Let c(j) = -j - 9. Let v = 14 + -23. Let a be c(v). What is m(a)?
-4
Suppose s - 31*s + 210 = 0. Let h(n) = n + 5. Determine h(s).
12
Suppose 3*o - 17 = 3*j - 2, 0 = 3*j - 2*o + 13. Let s be ((-1